96?
2, 3, 13, 37, 2293
What are the prime factors of 279755?
5, 7, 7993
What are the prime factors of 6957643?
7, 11, 90359
What are the prime factors of 203404?
2, 211, 241
What are the prime factors of 4813920?
2, 3, 5, 3343
What are the prime factors of 23369281?
13, 1797637
What are the prime factors of 852982?
2, 13, 53, 619
List the prime factors of 7153875.
3, 5, 6359
List the prime factors of 1436046.
2, 3, 71, 3371
What are the prime factors of 417237?
3, 139079
What are the prime factors of 247029?
3, 67, 1229
What are the prime factors of 218478?
2, 3, 13, 2801
What are the prime factors of 324018?
2, 3, 47, 383
List the prime factors of 1067670.
2, 3, 5, 11863
List the prime factors of 187736.
2, 31, 757
List the prime factors of 1176247.
17, 69191
List the prime factors of 78117.
3, 13, 2003
List the prime factors of 3027808.
2, 7, 1931
List the prime factors of 128518.
2, 13, 4943
What are the prime factors of 313885?
5, 11, 13, 439
List the prime factors of 13741973.
7, 1963139
What are the prime factors of 187468?
2, 46867
What are the prime factors of 702383?
11, 63853
List the prime factors of 18579533.
7, 401, 6619
What are the prime factors of 100348?
2, 25087
List the prime factors of 13400903.
13400903
What are the prime factors of 4688721?
3, 520969
List the prime factors of 5575183.
5575183
List the prime factors of 2183916.
2, 3, 7, 25999
List the prime factors of 342726.
2, 3, 239
What are the prime factors of 740390?
2, 5, 7, 1511
What are the prime factors of 747439?
7, 11, 17, 571
What are the prime factors of 19876610?
2, 5, 13, 152897
List the prime factors of 2014809.
3, 671603
List the prime factors of 125990.
2, 5, 43, 293
List the prime factors of 111507.
3, 11, 31, 109
List the prime factors of 3801633.
3, 11, 115201
What are the prime factors of 482284?
2, 11, 97, 113
What are the prime factors of 6418636?
2, 7, 229237
What are the prime factors of 180763?
11, 16433
What are the prime factors of 97162?
2, 13, 37, 101
List the prime factors of 9300298.
2, 7, 43, 2207
What are the prime factors of 525588?
2, 3, 7, 6257
List the prime factors of 69948.
2, 3, 29, 67
List the prime factors of 158728.
2, 19841
List the prime factors of 2635466.
2, 197, 6689
What are the prime factors of 5126749?
31, 165379
What are the prime factors of 77185?
5, 43, 359
What are the prime factors of 831774?
2, 3, 138629
List the prime factors of 28129150.
2, 5, 7, 80369
What are the prime factors of 9339988?
2, 7, 47653
What are the prime factors of 32188?
2, 13, 619
What are the prime factors of 544209?
3, 283, 641
List the prime factors of 1046604.
2, 3, 13, 6709
What are the prime factors of 591498?
2, 3, 17, 1933
What are the prime factors of 2341627?
1061, 2207
List the prime factors of 3256334.
2, 19, 67, 1279
List the prime factors of 781612.
2, 13, 15031
What are the prime factors of 11384784?
2, 3, 173, 457
What are the prime factors of 432078?
2, 3, 23, 31, 101
List the prime factors of 62422.
2, 23, 59
List the prime factors of 20628.
2, 3, 191
List the prime factors of 182217.
3, 7, 8677
What are the prime factors of 4546986?
2, 3, 631, 1201
What are the prime factors of 17324933?
17324933
What are the prime factors of 497517?
3, 383, 433
What are the prime factors of 45252?
2, 3, 419
List the prime factors of 494738.
2, 247369
What are the prime factors of 3217917?
3, 311, 3449
List the prime factors of 137854.
2, 68927
List the prime factors of 5096013.
3, 13, 41, 3187
List the prime factors of 1032077.
599, 1723
List the prime factors of 1088288.
2, 71, 479
What are the prime factors of 208960?
2, 5, 653
List the prime factors of 3491530.
2, 5, 7, 31, 1609
What are the prime factors of 1404122?
2, 29, 43, 563
List the prime factors of 26036711.
26036711
List the prime factors of 2098151.
11, 19, 10039
List the prime factors of 545405.
5, 7, 15583
What are the prime factors of 142552?
2, 103, 173
What are the prime factors of 8755004?
2, 2188751
List the prime factors of 678030.
2, 3, 5, 97, 233
What are the prime factors of 10665950?
2, 5, 213319
What are the prime factors of 10963781?
157, 69833
List the prime factors of 29511030.
2, 3, 5, 983701
What are the prime factors of 8071824?
2, 3, 337, 499
List the prime factors of 2939852.
2, 59, 12457
List the prime factors of 885211.
107, 8273
List the prime factors of 672253.
37, 18169
List the prime factors of 124772.
2, 31193
What are the prime factors of 7905929?
7905929
What are the prime factors of 2963989?
7, 423427
List the prime factors of 449446.
2, 17, 13219
List the prime factors of 308313.
3, 19, 601
List the prime factors of 326090.
2, 5, 32609
What are the prime factors of 480280?
2, 5, 12007
List the prime factors of 451613.
53, 8521
What are the prime factors of 19981113?
3, 6660371
What are the prime factors of 3438745?
5, 687749
What are the prime factors of 320353?
11, 29123
List the prime factors of 20503270.
2, 5, 2050327
What are the prime factors of 7599497?
7599497
What are the prime factors of 1476909?
3, 7, 17, 197
List the prime factors of 16766958.
2, 3, 13, 103, 2087
List the prime factors of 394268.
2, 7, 14081
List the prime factors of 706669.
706669
What are the prime factors of 708170?
2, 5, 23, 3079
List the prime factors of 101679.
3, 33893
What are the prime factors of 3069575?
5, 199, 617
What are the prime factors of 244591?
277, 883
List the prime factors of 832968.
2, 3, 23, 503
List the prime factors of 21637.
7, 11, 281
What are the prime factors of 564880?
2, 5, 23, 307
List the prime factors of 4646539.
353, 13163
List the prime factors of 10677726.
2, 3, 593207
What are the prime factors of 24229645?
5, 11, 29, 1381
What are the prime factors of 4878?
2, 3, 271
What are the prime factors of 209260?
2, 5, 10463
List the prime factors of 1610302.
2, 103, 7817
List the prime factors of 11279988.
2, 3, 313333
List the prime factors of 325190.
2, 5, 31, 1049
What are the prime factors of 109017?
3, 12113
What are the prime factors of 32231?
167, 193
List the prime factors of 249107.
249107
List the prime factors of 2415806.
2, 1207903
What are the prime factors of 1210428?
2, 3, 33623
What are the prime factors of 2160779?
1459, 1481
What are the prime factors of 542759?
7, 17, 4561
List the prime factors of 27632606.
2, 41, 336983
What are the prime factors of 9233262?
2, 3, 512959
What are the prime factors of 959947?
959947
List the prime factors of 3856936.
2, 482117
What are the prime factors of 4738106?
2, 19, 67, 1861
List the prime factors of 110147.
23, 4789
List the prime factors of 6531556.
2, 293, 5573
What are the prime factors of 1333375?
5, 10667
What are the prime factors of 2581535?
5, 11, 17, 251
What are the prime factors of 2837598?
2, 3, 61, 7753
What are the prime factors of 102224?
2, 6389
List the prime factors of 247712.
2, 7741
List the prime factors of 183228.
2, 3, 15269
List the prime factors of 10080634.
2, 5040317
List the prime factors of 1168481.
19, 89, 691
What are the prime factors of 229441?
479
List the prime factors of 12018107.
12018107
List the prime factors of 428812.
2, 23, 59, 79
What are the prime factors of 1367215?
5, 97, 2819
List the prime factors of 750484.
2, 7, 547
What are the prime factors of 10904017?
173, 63029
List the prime factors of 29879.
29879
List the prime factors of 1497210.
2, 3, 5, 11, 13, 349
List the prime factors of 3728448.
2, 3, 6473
List the prime factors of 1056345.
3, 5, 70423
List the prime factors of 1430156.
2, 7, 13, 3929
What are the prime factors of 177715?
5, 35543
What are the prime factors of 5686?
2, 2843
What are the prime factors of 32219611?
19, 149, 599
List the prime factors of 233006.
2, 113, 1031
List the prime factors of 215048.
2, 26881
What are the prime factors of 2736199?
47, 58217
List the prime factors of 138887.
7, 19841
What are the prime factors of 13462943?
13, 79, 13109
What are the prime factors of 177464?
2, 7, 3169
List the prime factors of 37896.
2, 3, 1579
List the prime factors of 161374.
2, 80687
What are the prime factors of 8299906?
2, 53, 78301
List the prime factors of 2077755.
3, 5, 138517
What are the prime factors of 7540701?
3, 7, 19, 18899
List the prime factors of 76110.
2, 3, 5, 43, 59
List the prime fa